{"id":489,"date":"2017-12-02T14:48:13","date_gmt":"2017-12-02T17:48:13","guid":{"rendered":"http:\/\/radames.manosso.nom.br\/fotografia\/files\/2013\/11\/araucaria-06.jpg"},"modified":"2017-12-02T14:49:11","modified_gmt":"2017-12-02T17:49:11","slug":"trigo","status":"inherit","type":"attachment","link":"https:\/\/radames.manosso.nom.br\/fotografia\/rural\/as-poucas-araucarias\/attachment\/trigo\/","title":{"rendered":"Arauc\u00e1ria &#8211; pinheiro do Paran\u00e1"},"author":1,"featured_media":0,"comment_status":"open","ping_status":"closed","template":"","meta":{"jetpack_post_was_ever_published":false},"class_list":["post-489","attachment","type-attachment","status-inherit","hentry"],"jetpack_shortlink":"https:\/\/wp.me\/a755Vo-7T","jetpack_sharing_enabled":true,"description":{"rendered":"<p class=\"attachment\"><a href=\"https:\/\/i0.wp.com\/radames.manosso.nom.br\/fotografia\/files\/2013\/11\/araucaria-06.jpg?ssl=1\"><img loading=\"lazy\" decoding=\"async\" width=\"300\" height=\"200\" src=\"https:\/\/i0.wp.com\/radames.manosso.nom.br\/fotografia\/files\/2013\/11\/araucaria-06.jpg?fit=300%2C200&amp;ssl=1\" class=\"attachment-medium size-medium\" alt=\"Arauc\u00e1ria - pinheiro do Paran\u00e1\" srcset=\"https:\/\/i0.wp.com\/radames.manosso.nom.br\/fotografia\/files\/2013\/11\/araucaria-06.jpg?w=1024&amp;ssl=1 1024w, https:\/\/i0.wp.com\/radames.manosso.nom.br\/fotografia\/files\/2013\/11\/araucaria-06.jpg?resize=300%2C200&amp;ssl=1 300w, https:\/\/i0.wp.com\/radames.manosso.nom.br\/fotografia\/files\/2013\/11\/araucaria-06.jpg?resize=768%2C512&amp;ssl=1 768w\" sizes=\"auto, (max-width: 300px) 100vw, 300px\" data-attachment-id=\"489\" data-permalink=\"https:\/\/radames.manosso.nom.br\/fotografia\/rural\/as-poucas-araucarias\/attachment\/trigo\/\" data-orig-file=\"https:\/\/i0.wp.com\/radames.manosso.nom.br\/fotografia\/files\/2013\/11\/araucaria-06.jpg?fit=1024%2C683&amp;ssl=1\" data-orig-size=\"1024,683\" data-comments-opened=\"1\" data-image-meta=\"{&quot;aperture&quot;:&quot;9&quot;,&quot;credit&quot;:&quot;&quot;,&quot;camera&quot;:&quot;NIKON D7100&quot;,&quot;caption&quot;:&quot;Campos de trigo em Campo Magro, Paran\\u00e1, Brasil.&quot;,&quot;created_timestamp&quot;:&quot;1474818104&quot;,&quot;copyright&quot;:&quot;Radam\\u00e9s Manosso&quot;,&quot;focal_length&quot;:&quot;26&quot;,&quot;iso&quot;:&quot;100&quot;,&quot;shutter_speed&quot;:&quot;0.00625&quot;,&quot;title&quot;:&quot;Trigo&quot;,&quot;orientation&quot;:&quot;0&quot;}\" data-image-title=\"Arauc\u00e1ria &#8211; pinheiro do Paran\u00e1\" data-image-description=\"\" data-image-caption=\"\" data-large-file=\"https:\/\/i0.wp.com\/radames.manosso.nom.br\/fotografia\/files\/2013\/11\/araucaria-06.jpg?fit=500%2C333&amp;ssl=1\" \/><\/a><\/p>\n"},"caption":{"rendered":""},"alt_text":"Arauc\u00e1ria - pinheiro do Paran\u00e1","media_type":"image","mime_type":"image\/jpeg","media_details":{"width":1024,"height":683,"file":"2013\/11\/araucaria-06.jpg","sizes":{"thumbnail":{"file":"araucaria-06-150x150.jpg","width":150,"height":150,"mime_type":"image\/jpeg","source_url":"https:\/\/i0.wp.com\/radames.manosso.nom.br\/fotografia\/files\/2013\/11\/araucaria-06.jpg?resize=150%2C150&ssl=1"},"medium":{"file":"araucaria-06-300x200.jpg","width":300,"height":200,"mime_type":"image\/jpeg","source_url":"https:\/\/i0.wp.com\/radames.manosso.nom.br\/fotografia\/files\/2013\/11\/araucaria-06.jpg?fit=300%2C200&ssl=1"},"medium_large":{"file":"araucaria-06-768x512.jpg","width":768,"height":512,"mime_type":"image\/jpeg","source_url":"https:\/\/i0.wp.com\/radames.manosso.nom.br\/fotografia\/files\/2013\/11\/araucaria-06.jpg?fit=604%2C403&ssl=1"},"large":{"file":"araucaria-06-1024x683.jpg","width":1024,"height":683,"mime_type":"image\/jpeg","source_url":"https:\/\/i0.wp.com\/radames.manosso.nom.br\/fotografia\/files\/2013\/11\/araucaria-06.jpg?fit=500%2C333&ssl=1"},"kerli_lite_cp_small":{"file":"araucaria-06-70x53.jpg","width":70,"height":53,"mime_type":"image\/jpeg","source_url":"https:\/\/radames.manosso.nom.br\/fotografia\/files\/2013\/11\/araucaria-06-70x53.jpg"},"jr_insta_square":{"file":"araucaria-06-640x640.jpg","width":640,"height":640,"mime_type":"image\/jpeg","source_url":"https:\/\/radames.manosso.nom.br\/fotografia\/files\/2013\/11\/araucaria-06-640x640.jpg"},"full":{"file":"araucaria-06.jpg?fit=1024%2C683&ssl=1","width":1024,"height":683,"mime_type":"image\/jpeg","source_url":"https:\/\/i0.wp.com\/radames.manosso.nom.br\/fotografia\/files\/2013\/11\/araucaria-06.jpg?fit=1024%2C683&ssl=1"}},"image_meta":{"aperture":"9","credit":"","camera":"NIKON D7100","caption":"Campos de trigo em Campo Magro, Paran\u00e1, Brasil.","created_timestamp":"1474818104","copyright":"Radam\u00e9s Manosso","focal_length":"26","iso":"100","shutter_speed":"0.00625","title":"Trigo","orientation":"0","keywords":["Brasil","Campo Magro","Paran\u00e1","agricultura","campo","interior","paisagem","planta\u00e7\u00e3o","trigo"]}},"post":103,"source_url":"https:\/\/radames.manosso.nom.br\/fotografia\/files\/2013\/11\/araucaria-06.jpg","_links":{"self":[{"href":"https:\/\/radames.manosso.nom.br\/fotografia\/wp-json\/wp\/v2\/media\/489","targetHints":{"allow":["GET"]}}],"collection":[{"href":"https:\/\/radames.manosso.nom.br\/fotografia\/wp-json\/wp\/v2\/media"}],"about":[{"href":"https:\/\/radames.manosso.nom.br\/fotografia\/wp-json\/wp\/v2\/types\/attachment"}],"author":[{"embeddable":true,"href":"https:\/\/radames.manosso.nom.br\/fotografia\/wp-json\/wp\/v2\/users\/1"}],"replies":[{"embeddable":true,"href":"https:\/\/radames.manosso.nom.br\/fotografia\/wp-json\/wp\/v2\/comments?post=489"}]}}

Araucária &#8211; pinheiro do Paraná

<p class="attachment"><a href="https://i0.wp.com/radames.manosso.nom.br/fotografia/files/2013/11/araucaria-06.jpg?ssl=1"><img loading="lazy" decoding="async" width="300" height="200" src="https://i0.wp.com/radames.manosso.nom.br/fotografia/files/2013/11/araucaria-06.jpg?fit=300%2C200&amp;ssl=1" class="attachment-medium size-medium" alt="Araucária - pinheiro do Paraná" srcset="https://i0.wp.com/radames.manosso.nom.br/fotografia/files/2013/11/araucaria-06.jpg?w=1024&amp;ssl=1 1024w, https://i0.wp.com/radames.manosso.nom.br/fotografia/files/2013/11/araucaria-06.jpg?resize=300%2C200&amp;ssl=1 300w, https://i0.wp.com/radames.manosso.nom.br/fotografia/files/2013/11/araucaria-06.jpg?resize=768%2C512&amp;ssl=1 768w" sizes="auto, (max-width: 300px) 100vw, 300px" data-attachment-id="489" data-permalink="https://radames.manosso.nom.br/fotografia/rural/as-poucas-araucarias/attachment/trigo/" data-orig-file="https://i0.wp.com/radames.manosso.nom.br/fotografia/files/2013/11/araucaria-06.jpg?fit=1024%2C683&amp;ssl=1" data-orig-size="1024,683" data-comments-opened="1" data-image-meta="{&quot;aperture&quot;:&quot;9&quot;,&quot;credit&quot;:&quot;&quot;,&quot;camera&quot;:&quot;NIKON D7100&quot;,&quot;caption&quot;:&quot;Campos de trigo em Campo Magro, Paran\u00e1, Brasil.&quot;,&quot;created_timestamp&quot;:&quot;1474818104&quot;,&quot;copyright&quot;:&quot;Radam\u00e9s Manosso&quot;,&quot;focal_length&quot;:&quot;26&quot;,&quot;iso&quot;:&quot;100&quot;,&quot;shutter_speed&quot;:&quot;0.00625&quot;,&quot;title&quot;:&quot;Trigo&quot;,&quot;orientation&quot;:&quot;0&quot;}" data-image-title="Araucária &#8211; pinheiro do Paraná" data-image-description="" data-image-caption="" data-large-file="https://i0.wp.com/radames.manosso.nom.br/fotografia/files/2013/11/araucaria-06.jpg?fit=500%2C333&amp;ssl=1" /></a></p>

Araucária - pinheiro do Paraná

Campos de trigo em Campo Magro, Paraná, Brasil.

Radamés Manosso

Paraná

plantação
