{"id":2,"date":"2013-05-16T00:18:42","date_gmt":"2013-05-16T00:18:42","guid":{"rendered":"http:\/\/radames.manosso.nom.br\/linguagem\/?page_id=2"},"modified":"2013-05-26T17:18:18","modified_gmt":"2013-05-26T20:18:18","slug":"sobre","status":"publish","type":"page","link":"https:\/\/radames.manosso.nom.br\/linguagem\/sobre\/","title":{"rendered":"Sobre"},"content":{"rendered":"<p>Inaugurado em 1999 e repaginado em 2013. Nesta \u00e1rea trato de quest\u00f5es de linguagem, em especial, gram\u00e1tica, ret\u00f3rica e narratologia. O conte\u00fado est\u00e1 licenciado sob regras do Creative Commons. Quando utilizar algum conte\u00fado, desde que em conformidade com a licen\u00e7a, citar os cr\u00e9ditos abaixo:<\/p>\n<p><strong>Cr\u00e9ditos<\/strong><br \/>\nProdu\u00e7\u00e3o cultural de Radam\u00e9s Manosso<br \/>\n<a href=\"http:\/\/www.radames.manosso.nom.br\/\">www.radames.manosso.nom.br<\/a><\/p>\n<p><a href=\"http:\/\/creativecommons.org\/licenses\/by-nc-nd\/2.5\/br\/\" target=\"_blank\"><img data-recalc-dims=\"1\" loading=\"lazy\" decoding=\"async\" src=\"https:\/\/i0.wp.com\/creativecommons.org\/images\/public\/somerights20.pt.png?resize=88%2C31\" border=\"0\" alt=\"\" width=\"88\" height=\"31\" align=\"BOTTOM\" \/><\/a><\/p>\n","protected":false},"excerpt":{"rendered":"<p>Inaugurado em 1999 e repaginado em 2013. Nesta \u00e1rea trato de quest\u00f5es de linguagem, em especial, gram\u00e1tica, ret\u00f3rica e narratologia. O conte\u00fado est\u00e1 licenciado sob regras do Creative Commons. Quando utilizar algum conte\u00fado, desde que em conformidade com a licen\u00e7a, citar os cr\u00e9ditos abaixo: Cr\u00e9ditos Produ\u00e7\u00e3o cultural de Radam\u00e9s Manosso www.radames.manosso.nom.br<\/p>\n","protected":false},"author":1,"featured_media":0,"parent":0,"menu_order":0,"comment_status":"open","ping_status":"open","template":"","meta":{"jetpack_post_was_ever_published":false,"footnotes":""},"class_list":["post-2","page","type-page","status-publish","hentry"],"jetpack_sharing_enabled":true,"jetpack_shortlink":"https:\/\/wp.me\/P74YWN-2","jetpack-related-posts":[],"_links":{"self":[{"href":"https:\/\/radames.manosso.nom.br\/linguagem\/wp-json\/wp\/v2\/pages\/2","targetHints":{"allow":["GET"]}}],"collection":[{"href":"https:\/\/radames.manosso.nom.br\/linguagem\/wp-json\/wp\/v2\/pages"}],"about":[{"href":"https:\/\/radames.manosso.nom.br\/linguagem\/wp-json\/wp\/v2\/types\/page"}],"author":[{"embeddable":true,"href":"https:\/\/radames.manosso.nom.br\/linguagem\/wp-json\/wp\/v2\/users\/1"}],"replies":[{"embeddable":true,"href":"https:\/\/radames.manosso.nom.br\/linguagem\/wp-json\/wp\/v2\/comments?post=2"}],"version-history":[{"count":2,"href":"https:\/\/radames.manosso.nom.br\/linguagem\/wp-json\/wp\/v2\/pages\/2\/revisions"}],"predecessor-version":[{"id":39,"href":"https:\/\/radames.manosso.nom.br\/linguagem\/wp-json\/wp\/v2\/pages\/2\/revisions\/39"}],"wp:attachment":[{"href":"https:\/\/radames.manosso.nom.br\/linguagem\/wp-json\/wp\/v2\/media?parent=2"}],"curies":[{"name":"wp","href":"https:\/\/api.w.org\/{rel}","templated":true}]}}